1110011
In base 16, what is e - -581c90?
581c9e
In base 10, what is -66963949 + 0?
-66963949
In base 13, what is 1a + c00ab?
c00c8
In base 6, what is -23403 - -323033?
255230
In base 3, what is -122021221200220 + -200?
-122021221201120
In base 16, what is f6595 - 318?
f627d
In base 6, what is 2 + -32115224442?
-32115224440
In base 4, what is 110023021302 - 13?
110023021223
In base 5, what is -312221211243 + 10?
-312221211233
In base 12, what is -5504 - -b1a9?
58a5
In base 5, what is -1423202210133 - 1?
-1423202210134
In base 10, what is 6316 + 10255?
16571
In base 9, what is 1830505 - 6?
1830488
In base 7, what is -163424 + 216?
-163205
In base 3, what is -1112110221202012 + 0?
-1112110221202012
In base 6, what is 3520541 - 551?
3515550
In base 10, what is -191 - 124489?
-124680
In base 9, what is -555 + 1128370?
1127714
In base 10, what is -401 - 13567?
-13968
In base 11, what is 3203 - -20227?
2342a
In base 10, what is 100611202 + -1?
100611201
In base 12, what is -14090 - 165?
-14235
In base 14, what is -3337d + -1647?
-349c6
In base 2, what is -10111011110000 + -100001011101?
-11011101001101
In base 2, what is 10 - -101100010000001000010111?
101100010000001000011001
In base 7, what is 223652 + -543?
223106
In base 11, what is 299696 - 7?
29968a
In base 6, what is -15 - 30114325?
-30114344
In base 7, what is 0 + 150040635?
150040635
In base 15, what is d70 + -2b949?
-2aac9
In base 9, what is -712 + -113387?
-114210
In base 12, what is -3 - 207b9a28?
-207b9a2b
In base 16, what is 3 + 2254d7?
2254da
In base 16, what is 2598cdc + 2?
2598cde
In base 13, what is -202917a55 + 4?
-202917a51
In base 12, what is -1 + 3222347?
3222346
In base 14, what is 12cca3 + 10?
12ccb3
In base 12, what is 63 + 46817?
4687a
In base 14, what is -3d0861 + -14?
-3d0875
In base 11, what is 384 - -71213?
71597
In base 7, what is 204463452 + 2?
204463454
In base 10, what is -491264 - -1?
-491263
In base 16, what is -551 + 50f?
-42
In base 11, what is a + 25163585?
25163594
In base 14, what is 3165 + 353a?
66a1
In base 3, what is -1210201100 + -100?
-1210201200
In base 15, what is 51ae102 - 2?
51ae100
In base 13, what is -232458 + 98?
-232390
In base 6, what is -503 - -4311230?
4310323
In base 6, what is 1215222 - 1?
1215221
In base 8, what is -355760 + 1233?
-354525
In base 10, what is -11401753 - 3?
-11401756
In base 6, what is -44135344 - 1153?
-44140541
In base 7, what is 30514 + 533120?
563634
In base 2, what is 111010101110010100101 - -1110011?
111010101110100011000
In base 16, what is 6a + 9993?
99fd
In base 11, what is -2a445 + 14a?
-2a2a6
In base 3, what is -122110201 - 10211100?
-210022001
In base 3, what is -101222001220 - -2211?
-101221222002
In base 13, what is -1a4c - 9978a?
-9b509
In base 16, what is 237 + -4a25?
-47ee
In base 8, what is -65025445 + -1?
-65025446
In base 2, what is 10000001000 + -1000101110111?
-110101101111
In base 5, what is -12400213 + -1024?
-12401242
In base 5, what is -10 + 140220224210?
140220224200
In base 14, what is 6732 + -13c0?
5352
In base 8, what is 1 - -1127623370?
1127623371
In base 16, what is 2a4 + -8f7?
-653
In base 8, what is -74220433 - -52?
-74220361
In base 8, what is -55 + 101772?
101715
In base 16, what is 1a30 + 5ae?
1fde
In base 3, what is 2122 + 12112202201?
12112212100
In base 5, what is -1034311 - -434?
-1033322
In base 14, what is -205 + 123a?
1035
In base 16, what is -20 - 3cdcc?
-3cdec
In base 12, what is 3622 - 6716?
-30b4
In base 5, what is 41000 - 4420442?
-4324442
In base 3, what is -112000121 + 2110000?
-102120121
In base 6, what is 151 - 34321042?
-34320451
In base 15, what is -1e - -11cb66?
11cb47
In base 8, what is 177 - -4267631?
4270030
In base 11, what is 1453446 - 31?
1453415
In base 4, what is -1030011202 - -1323?
-1030003213
In base 11, what is 123 + -267771?
-267649
In base 6, what is 13340 + -454415?
-441035
In base 10, what is 4453450 + 46?
4453496
In base 5, what is 233 - 10200233?
-10200000
In base 5, what is -133232 - -124002?
-4230
In base 6, what is 114001 - -4220?
122221
In base 11, what is 1a8 - -435463?
435660
In base 3, what is -21 + -1110010222202?
-1110011000000
In base 12, what is 36288a3 - -2b?
3628912
In base 5, what is -23321 + 11204002?
11130131
In base 10, what is -3 - 32142677?
-32142680
In base 11, what is -6 + -67183?
-67189
In base 14, what is 20 + db8b6?
db8d6
In base 5, what is 10 - -10313312133?
10313312143
In base 3, what is 1120222 - 220210200112?
-220202002120
In base 11, what is -4 + -70a514a?
-70a5153
In base 12, what is 47868a - -7?
478695
In base 6, what is -33124204 - -4?
-33124200
In base 14, what is 88dbbd9 - -4?
88dbbdd
In base 14, what is 42d284 + -3?
42d281
In base 7, what is 11 - -1013141235?
1013141246
In base 2, what is 1111010101001001100011 + 10000?
1111010101001001110011
In base 13, what is 27b93c3 - c?
27b93b4
In base 12, what is 5 - -49151427?
49151430
In base 5, what is 3431201 - -1424?
3433130
In base 9, what is 58222788 + -12?
58222776
In base 3, what is -1 - -11000102102101101?
11000102102101100
In base 8, what is -6614131 + -1257?
-6615410
In base 13, what is 1cca + -30477?
-2b47a
In base 13, what is -5034903 - 2?
-5034905
In base 13, what is -7b651 + -b1?
-7b732
In base 10, what is 8852 + 3665?
12517
In base 3, what is -2 - -111122000021010?
111122000021001
In base 15, what is 1c55 + 65a7?
830c
In base 11, what is -1 - 39185000?
-39185001
In base 2, what is -11000111011001000001 - 10101011?
-11000111011011101100
In base 8, what is -14 + -4735005?
-4735021
In base 3, what is -10011202 + -211212001200?
-211222020102
In base 7, what is -16343124 - -221?
-16342603
In base 7, what is -12 - -1515310?
1515265
In base 11, what is -1638 - -119153?
117616
In base 16, what is -63f952 + -f?
-63f961
In base 8, what is -3 - -347251146?
347251143
In base 4, what is -11102 + 30333100?
30321332
In base 12, what is -44b71 + -109?
-4507a
In base 6, what is -1041 + 4441022?
4435541
In base 7, what is 5 - 110112423?
-110112415
In base 11, what is 2 + 25858a9?
2585900
In base 7, what is -6 + -22022616?
-22022625
In base 11, what is -423372 - 39?
-423400
In base 14, what is 1da + -2669?
-246d
In base 10, what is 30 - 5773115?
-5773085
In base 14, what is 305 + -66?
27d
In base 15, what is -bba87 + -9?
-bba91
In base 4, what is 101021 + 23022130?
23123211
In base 9, what is -4677868 + -15?
-4677884
In base 4, what is 31203000331 + 2?
31203000333
In base 11, what is 732144 + 19?
732162
In base 3, what is -10221221111120 + -1021?
-10221221112211
In base 11, what is -12330163 + -3?
-12330166
In base 3, what is -121100100012201 + -1?
-121100100012202
In base 9, what is -233 + 218631?
218387
In base 15, what is 9c14 + -a0?
9b64
In base 15, what is 3e8b + -b27?
3364
In base 15, what is 1cb70 - 1198?
1b9c7
In base 15, what is -58413 - 9?
-5841c
In base 12, what is 58 - 79178?
-79120
In base 7, what is -53 - -63520?
63434
In base 13, what is -2 + 157a812?
157a810
In base 8, what is -4407107 - -3?
-4407104
In base 9, what is -56 + 405542?
405475
In base 7, what is 40 + -3252033?
-3251663
In base 5, what is 11343030 + -23401?
11314124
In base 2, what is -1 - -111101110110001110010?
111101110110001110001
In base 14, what is -c1 - 13da36?
-13db17
In base 3, what is -212021011 + 1201002?
-210120002
In base 9, what is -134 - 121750?
-121884
In base 4, what is 31 + 3202322112?
3202322203
In base 3, what is 12 + -10201011021211002?
-10201011021210220
In base 2, what is -100011100011111 + -11011?
-100011100111010
In base 13, what is -6558 - 667?
-6bc2
In base 16, what is 34a4 + 12?
34b6
In base 16, what is -6c21 + 558?
-66c9
In base 6, what is 10141141132 - -1?
10141141133
In base 6, what is 110 - -42120443?
42120553
In base 9, what is 1842658 - -4?
1842663
In base 11, what is 2 - -53a6100a?
53a61011
In base 12, what is -4415a94 - -2?
-4415a92
In base 16, what is -1b252 + -28?
-1b27a
In base 13, what is 161 - 5b98?
-5a37
In base 16, what is -13c8f1 - 8?
-13c8f9
In base 16, what is -4c3 - -adbbb?
ad6f8
In base 4, what is 10322000 - -100122322?
111110322
In base 11, what is 2aa + -30339?
-3003a
In base 12, what is -764b90 - a1?
-765071
In base 13, what is -89747a - 3?
-897480
In base 5, what is -12 + -24441241?
-24441303
In base 13, what is 33 - -65b62?
65b95
In base 12, what 